13200
In base 14, what is -6cb - a13?
-1300
In base 15, what is -7ea59b - 1a?
-7ea5b6
In base 5, what is 4242 + 430044?
434341
In base 14, what is 6595b - -45?
659a2
In base 16, what is 184e - 21d55?
-20507
In base 14, what is -19 - 14d770b?
-14d7726
In base 12, what is 7 - -17771aa3?
17771aaa
In base 4, what is 21133332 + 2021301?
23221233
In base 14, what is -bc + -1119?
-11d7
In base 2, what is -101 + -1011001100001010010010?
-1011001100001010010111
In base 4, what is 203203102 + 1313?
203211021
In base 8, what is 1 + -173126115?
-173126114
In base 3, what is 0 - 122111120022022?
-122111120022022
In base 16, what is -32b862 + 0?
-32b862
In base 16, what is -11e22e - 4a?
-11e278
In base 14, what is -b - 2a65103?
-2a65110
In base 8, what is 62610 + -104?
62504
In base 6, what is -5 - 134310105?
-134310114
In base 6, what is 43043112 + 5?
43043121
In base 11, what is -199a7 - -160?
-19847
In base 11, what is 99798a + -134?
997856
In base 3, what is -11120 - 22200202?
-22212022
In base 12, what is -6757a - 82?
-67640
In base 12, what is -2b033 + -20ab?
-31122
In base 5, what is -3310344 + 4331?
-3301013
In base 2, what is 101000001001 - 100101001011?
10111110
In base 13, what is -3464 - -2b9b?
-596
In base 6, what is -143410 + 355505?
212055
In base 13, what is 3 + 24c32a8?
24c32ab
In base 14, what is 322bd48 - -1?
322bd49
In base 6, what is 10221030 + 152?
10221222
In base 16, what is e + -58dd79?
-58dd6b
In base 14, what is b854c - -11?
b855d
In base 12, what is 361424 + 17?
36143b
In base 8, what is 11520473 + 114?
11520607
In base 16, what is -3a940 - -7c?
-3a8c4
In base 14, what is 118 - 117410?
-1172d6
In base 15, what is -9c657 - -1?
-9c656
In base 6, what is 1303443 + 33?
1303520
In base 6, what is -20 + -10044401323?
-10044401343
In base 2, what is -1110101001010111 - 1000110010?
-1110110010001001
In base 15, what is 47ea1e + b2?
47ead1
In base 4, what is -10 + -31311233221?
-31311233231
In base 11, what is -1801aa21 + -4?
-1801aa25
In base 13, what is -13 - -172411?
1723cb
In base 9, what is 1785456 + -547?
1784808
In base 11, what is -23114263 + 5?
-23114259
In base 8, what is 346767 - -133?
347122
In base 5, what is -142 + 40442321?
40442124
In base 5, what is -101311114340 + -20?
-101311114410
In base 6, what is 12 + -12021312?
-12021300
In base 10, what is -48 + -23853526?
-23853574
In base 7, what is -10 + 441534062?
441534052
In base 15, what is 1 + 24c83b?
24c83c
In base 3, what is 1101 - -101022102012222?
101022102021100
In base 11, what is -10a85a75 - 5?
-10a85a7a
In base 12, what is -5 - 6180604?
-6180609
In base 13, what is -3 + 3a7c167?
3a7c164
In base 11, what is 101049a58 - -4?
101049a61
In base 16, what is -aec + -b93d?
-c429
In base 3, what is 10 + -12100221221222101?
-12100221221222021
In base 10, what is 6052 - -1885?
7937
In base 8, what is -7341 + 11207?
1646
In base 6, what is -255150550 + -3?
-255150553
In base 15, what is 3 + -1081bd9?
-1081bd6
In base 4, what is 3 + -111201313220?
-111201313211
In base 4, what is -210 - -13013211?
13013001
In base 15, what is 4651 - -5c4?
4c25
In base 10, what is -1552017 - -5?
-1552012
In base 2, what is -111110100110 + 10011111101011?
1100001000101
In base 15, what is 188 + 11d7?
1370
In base 3, what is 12 - 1122122201010?
-1122122200221
In base 8, what is 1155 + 42421?
43576
In base 8, what is 7115 + 4331?
13446
In base 10, what is 25766149 - 3?
25766146
In base 15, what is -278e232 - -2?
-278e230
In base 8, what is 456163 + 1427?
457612
In base 2, what is 1111010 - -101001010111110001000?
101001011000000000010
In base 11, what is 2559648 - 91?
2559567
In base 8, what is 50035666 - -1?
50035667
In base 6, what is -532144 + 11134?
-521010
In base 4, what is -1021020 + 100333100?
33312020
In base 13, what is -7a4434 - -8?
-7a4429
In base 14, what is -1a639 - -35a?
-1a2bd
In base 10, what is 1667629 - 14?
1667615
In base 5, what is 121330132143 - 10?
121330132133
In base 6, what is 5 + -10225502?
-10225453
In base 16, what is -de + 2237?
2159
In base 5, what is -1214 + -2412411043?
-2412412312
In base 5, what is 10413421 - -311?
10414232
In base 15, what is 7 - 697a28?
-697a21
In base 10, what is 7 + 6506734?
6506741
In base 13, what is 1035 - 1075?
-40
In base 2, what is 1000110111111 - -101111011110?
1110110011101
In base 13, what is 417a - -1194b?
15ac8
In base 8, what is 523456 + -50?
523406
In base 7, what is -11 - 112550460?
-112550501
In base 4, what is -103201 + 11130233?
11021032
In base 15, what is 269611c - 15?
2696107
In base 6, what is -5 + 140223515?
140223510
In base 13, what is -2a + -2331c33?
-2331c60
In base 11, what is -48 + 722168?
722120
In base 5, what is 0 + 1403104342?
1403104342
In base 16, what is -93908bb + 5?
-93908b6
In base 8, what is 74542 + -367?
74153
In base 3, what is 201000112001001000 - 11?
201000112001000212
In base 10, what is 215 - -12544?
12759
In base 16, what is -1 - 1f82872?
-1f82873
In base 8, what is -1 - -24100731?
24100730
In base 13, what is -5 - -2072b88?
2072b83
In base 11, what is 4963 + 7?
496a
In base 2, what is -10111000101 + 100001000010011001?
100000101011010100
In base 9, what is -40520 + 584?
-38825
In base 2, what is 10111011001001111 + -1000101101?
10111010000100010
In base 5, what is -11 - 1432202011?
-1432202022
In base 5, what is -3 - -3120313212?
3120313204
In base 9, what is 548338 - 24?
548314
In base 14, what is -3 + 351d39ba?
351d39b7
In base 5, what is -2310 - 30123313?
-30131123
In base 5, what is 1 + 1134401024?
1134401030
In base 2, what is 1110100 - -11111000101001011011?
11111000101011001111
In base 10, what is -230 + -134001?
-134231
In base 15, what is e6d - -456?
13c4
In base 10, what is 17412 - -595?
18007
In base 9, what is 711 - 205427?
-204616
In base 3, what is -111202120021121 + -20?
-111202120021211
In base 4, what is 2 - -10032321322?
10032321330
In base 11, what is -393027 - -7?
-393020
In base 14, what is 3c + 3a22?
3a60
In base 15, what is 1275b2 - 20?
127592
In base 13, what is 15 - -7293c2?
729407
In base 11, what is -35046 + 8322?
-27824
In base 2, what is 1101001000111001110001 - -11001?
1101001000111010001010
In base 5, what is 22443014 + -4440?
22433024
In base 11, what is -a59094 + 143?
-a58a51
In base 11, what is -a09883 + -5?
-a09888
In base 14, what is -76915d - -5?
-769158
In base 2, what is 11011011 - 1001111111011010101000?
-1001111111010111001101
In base 15, what is -124 + 12d96?
12c72
In base 2, what is -1110000 - 110000100001?
-110010010001
In base 13, what is -31537b - 42?
-3153c0
In base 2, what is -11110111101111101111100 - -1101011?
-11110111101111100010001
In base 8, what is 174 - -16643?
17037
In base 8, what is -113271 + 554?
-112515
In base 4, what is 10 - -222102302231?
222102302301
In base 12, what is 3 - 41ba59b?
-41ba598
In base 13, what is 39aa2 + -69?
39a36
In base 15, what is -318c25 - -17?
-318c0d
In base 5, what is -1134 + -121124422?
-121131111
In base 3, what is 21112 + 1211202020102?
1211202111221
In base 9, what is -1 + 64330603?
64330602
In base 2, what is -1000000011100 - -10000110001100?
1000101110000
In base 5, what is -323 + 104312300?
104311422
In base 6, what is 3 + -1300312541?
-1300312534
In base 3, what is 2220201 + -112120100000?
-112110102022
In base 10, what is -5 - 17037769?
-17037774
In base 9, what is -807 - -274?
-523
In base 9, what is 206066488 + 3?
206066502
In base 8, what is 232311133 + -1?
232311132
In base 7, what is 21 - -221200060?
221200111
In base 9, what is -258 + 302086?
301727
In base 14, what is -22 + -67b906?
-67b928
In base 9, what is -635 - 35388?
-36134
In base 3, what is -1210 - -2200?
220
In base 7, what is -364252411 + -21?
-364252432
In base 16, what is -2 + -538a60?
-538a62
In base 13, what is -844ab8c + -1?
-844ab90
In base 2, what is 1 + -11110001111100101001010010?
-11110001111100101001010001
In base 8, what is -1766477 + -341?
-1767040
In base 5, what is 214104211 + -1334?
214102322
In base 6, what is -545 - -33111023?
33110034
In base 11, what is -294a387 + -7?
-294a393
In base 14, what is -2d - 21140?
-2116d
In base 6, what is 4 - -1222340342?
1222340350
In base 8, what is -12 + 2446674?
2446662
In base 14, what is -1 - 4240c0?
-4240c1
In base 9, what is 3885 + -2400?
1485
In base 12, what is 0 - 49a624